z + 28. What is the units digit of v?
4
Let j = 3519 - 1649. Suppose 3*c = -7*c + j. What is the hundreds digit of c?
1
Suppose 2968 = 2*g + 3*z, 4*g - 5534 = -4*z + 394. What is the hundreds digit of g?
4
Suppose 5*c - 21829 = 2*u - 3258, 0 = -5*c - u + 18562. What is the thousands digit of c?
3
Let t(h) = 17*h - 30. Let g be (-39)/(-6) - ((-9)/(-6) + -1). What is the tens digit of t(g)?
7
Let x = -1518 - -1706. What is the units digit of x?
8
Let y = 1119 + -516. What is the hundreds digit of y?
6
What is the units digit of (18/(-27))/(6/(-9))*167?
7
Let f(x) = 3*x**2 + 2*x**2 - 2*x**2 - 11 - 5*x. Suppose 14*t = -0*t - 56. What is the tens digit of f(t)?
5
Let y = -5 + 8. Suppose -z + 47 = s - 2*z, 2*z - 206 = -4*s. Suppose -4*o + 0*q = 5*q - 144, 2*o - y*q = s. What is the units digit of o?
1
Let p be (-66)/55*(-5)/2. Let w be -1*p*(-3)/9. Suppose -2*r - j = -2*j + w, -12 = 3*r - 5*j. What is the units digit of r?
1
Suppose -4*a = 3*n - 1520, -4*n - a + 1365 + 640 = 0. What is the tens digit of n?
0
What is the thousands digit of 6/((-1)/(-3) - (-776)/(-2364))?
1
Suppose 2*q = -z + 109 + 217, -4*q - 4*z = -656. What is the hundreds digit of q?
1
Let z(h) = 2*h + 5. Let k be z(4). Let o(y) = 2*y**2 + 5*y + 24. Let v(n) = -n**2 - 7*n - 23. Let a(s) = 2*o(s) + 3*v(s). What is the units digit of a(k)?
5
Let j be (-6 + 1)/(25/(-10)). Suppose 3*m = -j*k - 209 + 637, -3*m - 3*k = -429. What is the tens digit of m?
4
Let z be ((-6)/4)/(6/(-8)). Suppose -5*d + 150 = 5*f - 9*f, z*f = d - 30. What is the tens digit of d?
3
Suppose -1170 = 4*k - 10*k. What is the hundreds digit of k?
1
Let j(z) = 7*z + 14. Let b be j(-11). Let u = 119 + b. Suppose -2*w - 278 = -4*m, m = -3*w - w + u. What is the tens digit of m?
6
Suppose 5*i - 30 = 2*i. Let m be 9/45 + 128/i. Let r = m - 0. What is the units digit of r?
3
Let y = 289 + 51. What is the hundreds digit of y?
3
Let i(r) = -188*r - 1. Let a be i(-1). Let u = a + -54. Suppose 5*b = 3*j + 207, 0*b + u = 3*b - 4*j. What is the tens digit of b?
3
Let f = -13 - -8. Let c(k) = -67*k + 7. Let w be c(f). What is the units digit of (-4)/22 + w/66?
5
Suppose 8*l = 4224 - 1080. What is the units digit of l?
3
Suppose -x = 4*g - 8496, -2*x = -8*g + 7*g + 2124. What is the thousands digit of g?
2
Let w be 6/21 + (-8956)/(-14). Suppose 4*u + 5*t - 512 = 2*t, 0 = 5*u - 3*t - w. What is the units digit of u?
8
Let f(n) = n**3 + 11*n**2 - 12*n + 4. Suppose -5*y = -28 + 88. Let i be f(y). Suppose 19 = 4*v - d - i, -4*d - 17 = -v. What is the units digit of v?
5
Let a = -115 - -216. What is the hundreds digit of a?
1
Let p = 7 - -40. What is the tens digit of p?
4
Let y(u) = 3*u - 2. Let g be y(9). Suppose 2*q - g = -5. Suppose -q = -r + 18. What is the units digit of r?
8
Let o = 6 + -3. Suppose -8 = -o*d + 424. Suppose 2*m - d = -2*n, 3*m + 5 = -4*n + 290. What is the units digit of n?
9
Suppose 2*v - 5*h = -2*v + 59, -2*v = 2*h - 16. Suppose 5*s - v*s + 12 = 0. Suppose s*o - 158 = -44. What is the tens digit of o?
5
What is the hundreds digit of (3/(-12))/(3/(-17256))?
4
Let b = -823 + 938. What is the units digit of b?
5
Suppose 4*g = 5*t - 2418, 8*g - 4*g - 1920 = -4*t. What is the units digit of t?
2
Let y be (-332)/20*(-10)/4*-2. Let h = y + 84. What is the units digit of h?
1
Suppose 1 = -4*g + 5. Let z be (1 - 1)*g + 4. Suppose z*u - 61 = -5. What is the tens digit of u?
1
Let n(m) = -2*m + 30. Let z(q) = -2*q**2 + 6*q - 7. Let o be z(4). What is the units digit of n(o)?
0
Suppose 209 = -3*i + 1394. What is the hundreds digit of i?
3
Suppose 4*x + 827 = 3263. Suppose -x = -10*z - 49. What is the tens digit of z?
5
Let g be (-13)/(-1)*2/2. Let q = g + -11. Suppose -3*c = -q*c - 35. What is the tens digit of c?
3
Suppose -f + 276 = -d + 1419, 5*d + 2*f = 5701. What is the thousands digit of d?
1
Let m be (22/(-6))/(3/9) + -4. What is the hundreds digit of (10/m)/(2/(-435))?
1
Suppose -942 = 6*j - 4296. What is the tens digit of j?
5
Let m(r) = 8*r**3 - 5*r**3 + 10*r**2 + 3*r - 2*r**3 + 6. Let u be m(-10). Let j = u - -63. What is the units digit of j?
9
Suppose -88109 = -8*t - 33*t. What is the units digit of t?
9
Let h(b) be the second derivative of b**4/12 + 5*b**3/6 - 29*b**2/2 - b. What is the units digit of h(-12)?
5
Let m = 631 + -185. Suppose 0 = -4*j + 350 + m. What is the hundreds digit of j?
1
Let l(t) be the third derivative of t**5/30 - t**4/12 + 13*t**3/3 - 4*t**2 + 1. What is the units digit of l(10)?
6
Let u be 14*2 - 2 - 2. Let d be -7 + u - 2/(-2). Let y = -11 + d. What is the units digit of y?
7
Let i(g) be the third derivative of 19*g**6/20 + g**4/12 - g**3/6 + 4*g**2. Let f be i(1). Let u = f - 75. What is the units digit of u?
0
Suppose 7*z = 2*z, -2*d + 4656 = 5*z. What is the units digit of d?
8
Suppose 5*j = 212 - 87. Let h = j + -24. What is the units digit of h?
1
Let k(o) = -o**3 + 15*o**2 + 21*o + 4. What is the units digit of k(11)?
9
Let j(y) = 4*y - 2. Let d be j(-3). Let r be 150/d + 4/(-14). Let u = 17 + r. What is the units digit of u?
6
Let p be 136 - (3 - (-2 - -1)). Let z = -79 + p. What is the tens digit of z?
5
Let t(f) = 4*f + 1 + 4*f - 8 + 3. What is the tens digit of t(5)?
3
Suppose 4*l - 19 = 2*r + 3, -4*l + 19 = r. Suppose -4*h - 1335 = -l*j - h, 0 = 4*j + 4*h - 1036. Suppose 96 = -4*u + j. What is the tens digit of u?
4
Let r = -89 + 173. Suppose 89*c - r*c - 540 = 0. What is the hundreds digit of c?
1
Suppose 5*s - 5*n = 1485, 629 = s + s + 5*n. What is the tens digit of s?
0
Suppose -8 + 8 = 11*j. Suppose 197 = -j*o + o. What is the units digit of o?
7
Let p(f) = -8 + 9*f**2 + 7 + 3 - f**3. Let k be p(9). Suppose 6 = -q + k*q. What is the units digit of q?
6
Let l = 4 - 0. Suppose u + 153 = l*u. Suppose 0 = -0*s + 3*s - u. What is the units digit of s?
7
Let f be (-48)/(-15) + (-1)/5. Suppose m - 7 = -4, -f*i - 5*m = 30. What is the units digit of -2*(-9)/(-6) - i?
2
Let i(b) = -b**2 + 4*b - 2. Suppose 0*k - 8 = 2*k. Let w be i(k). Let j = -16 - w. What is the units digit of j?
8
Let o(i) = -i**3 + 8*i**2 + i + 8. Let m be o(8). Let c = m + -17. What is the tens digit of 0 - 2/c - -59?
6
Let v(n) = -27*n**3 - 6*n**2 + 14*n + 20. What is the thousands digit of v(-5)?
3
Let o(y) = y**2 + 6*y + 3. Suppose -5*g - 41 = -11. Let u be o(g). Suppose i = 3*n + 27 + 2, -n + 37 = u*i. What is the tens digit of i?
1
Suppose -426900 = -17*y - 58*y. What is the tens digit of y?
9
Let d(s) = 3*s**2 + 6*s - 5. Let u = -2 - 3. What is the units digit of d(u)?
0
Let v = 12959 - 7332. What is the thousands digit of v?
5
What is the units digit of (6 + 1*1569/12)*4?
7
Suppose -4*f = 3*x - 1273 - 873, x = -4*f + 726. What is the units digit of x?
0
Let a be (-3)/(-6)*28 - 2. What is the units digit of 6/4*40/a?
5
Let v(i) = -10*i + 10. Let h be v(6). Let f be 2/(-3)*(h - 10). Let a = 66 - f. What is the units digit of a?
6
Let m be (-4)/18 - 3075/135. Let b = m - -69. What is the tens digit of b?
4
Suppose -52 = 4*q + 1420. What is the tens digit of (6/(-4))/(12/q)?
4
Suppose 0*a + 2*u = -4*a + 1298, 0 = -4*a + 2*u + 1302. What is the tens digit of a?
2
Suppose 3*l - 267 = 4*k - 1203, 3*k - 673 = -5*l. What is the tens digit of k?
3
Suppose -37 = -g + 4*v, -2*g + 3*v = -65 - 9. Let i(l) = l**3 - 2*l**2 - l - 3. Let w be i(3). Suppose -g = -w*k + 83. What is the tens digit of k?
4
Let d(v) = -468*v - 477. What is the hundreds digit of d(-5)?
8
Suppose 9*p = -2038 + 9364. What is the tens digit of p?
1
Let w(a) be the second derivative of 11*a**4/12 - a**3/2 + 3*a**2/2 + a. Let t = -69 + 71. What is the tens digit of w(t)?
4
Let t be 20/6*(-24)/(-10). Suppose 2*k + 0*k + 12 = -5*r, k + 3*r = -t. Suppose -k*p + 220 = p. What is the units digit of p?
4
Let f be -9*((-1)/5 + (-16)/120). What is the tens digit of ((-83)/(-4))/(f/24)?
6
Let q(z) = 6*z - 9. Let y be q(7). Let p = -13 + y. Suppose -4*r = -4*v + 24, -r + p = 5*v + 4*r. What is the units digit of v?
5
Let n(y) = -y**3 + 19*y**2 - 7*y + 36. What is the tens digit of n(17)?
9
Suppose 60620 - 11060 = 24*j. What is the units digit of j?
5
Suppose 4*k + 2*j - 294 = 2*k, -15 = -5*j. Suppose -k = 5*w - 49. Let t = w - -71. What is the tens digit of t?
5
Let u(a) = 22*a**3 - 5*a**2 + 14*a - 59. What is the thousands digit of u(4)?
1
Let n(